.
13
Calculate the remainder when 1038 is divided by 27.
12
Calculate the remainder when 3488 is divided by 87.
8
Calculate the remainder when 168287 is divided by 5.
2
Calculate the remainder when 7032 is divided by 781.
3
Calculate the remainder when 36060 is divided by 33.
24
Calculate the remainder when 63232 is divided by 1915.
37
What is the remainder when 24950 is divided by 192?
182
What is the remainder when 9800 is divided by 159?
101
What is the remainder when 12507 is divided by 59?
58
Calculate the remainder when 2668 is divided by 2524.
144
Calculate the remainder when 852847 is divided by 18.
7
What is the remainder when 673 is divided by 332?
9
Calculate the remainder when 11211 is divided by 1153.
834
What is the remainder when 143274 is divided by 47757?
3
Calculate the remainder when 29386 is divided by 93.
91
What is the remainder when 10847 is divided by 275?
122
What is the remainder when 60413 is divided by 64?
61
Calculate the remainder when 19195 is divided by 263.
259
Calculate the remainder when 4047 is divided by 204.
171
What is the remainder when 2042 is divided by 178?
84
Calculate the remainder when 4748 is divided by 478.
446
What is the remainder when 10477 is divided by 10340?
137
Calculate the remainder when 19255 is divided by 3835.
80
Calculate the remainder when 14697 is divided by 294.
291
Calculate the remainder when 13944 is divided by 536.
8
What is the remainder when 564029 is divided by 45?
44
Calculate the remainder when 84418 is divided by 42204.
10
Calculate the remainder when 4042 is divided by 5.
2
Calculate the remainder when 145899 is divided by 37.
8
Calculate the remainder when 108157 is divided by 416.
413
What is the remainder when 1949 is divided by 84?
17
Calculate the remainder when 46038 is divided by 272.
70
What is the remainder when 38540 is divided by 7707?
5
Calculate the remainder when 11348 is divided by 666.
26
Calculate the remainder when 1780 is divided by 1723.
57
What is the remainder when 5022 is divided by 45?
27
Calculate the remainder when 28888 is divided by 131.
68
Calculate the remainder when 7271 is divided by 3609.
53
Calculate the remainder when 484475 is divided by 7.
5
Calculate the remainder when 48045 is divided by 15907.
324
Calculate the remainder when 22348 is divided by 316.
228
What is the remainder when 14979 is divided by 10?
9
What is the remainder when 6006 is divided by 432?
390
Calculate the remainder when 316317 is divided by 659.
656
What is the remainder when 45800 is divided by 126?
62
What is the remainder when 180479 is divided by 60?
59
Calculate the remainder when 54216 is divided by 10843.
1
Calculate the remainder when 132256 is divided by 501.
493
What is the remainder when 4527 is divided by 142?
125
What is the remainder when 99005 is divided by 68?
65
Calculate the remainder when 5090 is divided by 465.
440
What is the remainder when 34710 is divided by 171?
168
What is the remainder when 530212 is divided by 114?
112
What is the remainder when 127661 is divided by 161?
149
What is the remainder when 1556 is divided by 729?
98
Calculate the remainder when 144072 is divided by 113.
110
Calculate the remainder when 40224 is divided by 10052.
16
Calculate the remainder when 16747 is divided by 1597.
777
Calculate the remainder when 563 is divided by 270.
23
What is the remainder when 2040 is divided by 22?
16
Calculate the remainder when 82701 is divided by 5907.
3
Calculate the remainder when 15107 is divided by 120.
107
What is the remainder when 42735 is divided by 58?
47
Calculate the remainder when 16454 is divided by 136.
134
What is the remainder when 6869139 is divided by 205?
204
Calculate the remainder when 65054 is divided by 13008.
14
What is the remainder when 892 is divided by 8?
4
Calculate the remainder when 235713 is divided by 26.
23
What is the remainder when 53202 is divided by 17728?
18
Calculate the remainder when 5418 is divided by 362.
350
Calculate the remainder when 258606 is divided by 28.
26
What is the remainder when 5507 is divided by 97?
75
Calculate the remainder when 21752 is divided by 3623.
14
Calculate the remainder when 11546 is divided by 24.
2
Calculate the remainder when 31682 is divided by 10554.
20
Calculate the remainder when 2215087 is divided by 10.
7
Calculate the remainder when 35807 is divided by 25.
7
Calculate the remainder when 13976 is divided by 2327.
14
What is the remainder when 44075 is divided by 14689?
8
What is the remainder when 36575 is divided by 747?
719
Calculate the remainder when 56091 is divided by 340.
331
What is the remainder when 3915 is divided by 154?
65
What is the remainder when 20968 is divided by 262?
8
Calculate the remainder when 30009 is divided by 385.
364
What is the remainder when 1788 is divided by 88?
28
What is the remainder when 4945 is divided by 281?
168
What is the remainder when 29284 is divided by 5811?
229
Calculate the remainder when 50453 is divided by 82.
23
Calculate the remainder when 3436 is divided by 56.
20
Calculate the remainder when 81531 is divided by 2037.
51
What is the remainder when 97698 is divided by 97684?
14
Calculate the remainder when 1602 is divided by 317.
17
Calculate the remainder when 1220 is divided by 463.
294
What is the remainder when 37920 is divided by 6314?
36
Calculate the remainder when 705 is divided by 55.
45
What is the remainder when 427370 is divided by 437?
421
Calculate the remainder when 24038 is divided by 225.
188
What is the remainder when 16097 is divided by 783?
437
Calculate the remainder when 1228 is divided by 323.
259
Calculate the remainder when 12143 is divided by 49.
40
Calculate the remainder when 3769 is divided by 3.
1
Calculate the remainder when 21587 is divided by 143.
137
Calculate the remainder when 78288 is divided by 74.
70
Calculate the remainder when 862 is divided by 192.
94
What is the remainder when 4701 is divided by 319?
235
What is the remainder when 145610 is divided by 94?
4
What is the remainder when 8729 is divided by 9?
8
What is the remainder when 25918 is divided by 60?
58
What is the remainder when 63442 is divided by 1481?
1240
What is the remainder when 657933 is divided by 74?
73
What is the remainder when 7473 is divided by 42?
39
Calculate the remainder when 1189720 is divided by 243.
235
Calculate the remainder when 5839 is divided by 365.
364
What is the remainder when 2606 is divided by 326?
324
Calculate the remainder when 3390 is divided by 69.
9
What is the remainder when 505801 is divided by 26?
23
Calculate the remainder when 209228 is divided by 53.
37
Calculate the remainder when 4846 is divided by 10.
6
Calculate the remainder when 8364 is divided by 1038.
60
Calculate the remainder when 4172 is divided by 1048.
1028
Calculate the remainder when 433438 is divided by 62.
58
What is the remainder when 2854 is divided by 352?
38
Calculate the remainder when 267026 is divided by 86.
82
What is the remainder when 60021 is divided by 3001?
1
What is the remainder when 62656 is divided by 223?
216
Calculate the remainder when 5724 is divided by 368.
204
What is the remainder when 153987 is divided by 2026?
11
Calculate the remainder when 154461 is divided by 435.
36
What is the remainder when 81602 is divided by 20400?
2
Calculate the remainder when 68805 is divided by 67.
63
Calculate the remainder when 41071 is divided by 10266.
7
Calculate the remainder when 6501 is divided by 695.
246
Calculate the remainder when 80832 is divided by 80819.
13
Calculate the remainder when 2706 is divided by 759.
429
What is the remainder when 116007 is divided by 13?
8
What is the remainder when 4649 is divided by 578?
25
What is the remainder when 10643 is divided by 69?
17
Calculate the remainder when 233219 is divided by 233215.
4
Calculate the remainder when 9229 is divided by 108.
49
What is the remainder when 1254 is divided by 12?
6
What is the remainder when 4257 is divided by 1406?
39
Calculate the remainder when 1784 is divided by 827.
130
Calculate the remainder when 1684 is divided by 104.
20
What is the remainder when 97881 is divided by 59?
0
Calculate the remainder when 160126 is divided by 288.
286
What is the remainder when 134316 is divided by 17?
